{"id":3254,"date":"2025-01-18T04:23:12","date_gmt":"2025-01-18T04:23:12","guid":{"rendered":"https:\/\/www.tair.pe\/web2.0\/?page_id=3254"},"modified":"2026-03-27T00:35:13","modified_gmt":"2026-03-27T00:35:13","slug":"talleres-in-situ","status":"publish","type":"page","link":"https:\/\/www.tair.pe\/web2.0\/talleres-in-situ\/","title":{"rendered":"Talleres in situ"},"content":{"rendered":"\t\t<div data-elementor-type=\"wp-page\" data-elementor-id=\"3254\" class=\"elementor elementor-3254\" data-elementor-post-type=\"page\">\n\t\t\t\t<div class=\"elementor-element elementor-element-8837128 e-con-full e-flex e-con e-parent\" data-id=\"8837128\" data-element_type=\"container\" data-e-type=\"container\">\n\t\t\t\t<div class=\"elementor-element elementor-element-67a788e elementor-widget elementor-widget-image\" data-id=\"67a788e\" data-element_type=\"widget\" data-e-type=\"widget\" data-widget_type=\"image.default\">\n\t\t\t\t<div class=\"elementor-widget-container\">\n\t\t\t\t\t\t\t\t\t\t\t\t\t\t\t<img fetchpriority=\"high\" decoding=\"async\" width=\"1920\" height=\"434\" src=\"https:\/\/www.tair.pe\/web2.0\/wp-content\/uploads\/2025\/01\/Banner_Taller.jpeg\" class=\"attachment-full size-full wp-image-3333\" alt=\"\" srcset=\"https:\/\/www.tair.pe\/web2.0\/wp-content\/uploads\/2025\/01\/Banner_Taller.jpeg 1920w, https:\/\/www.tair.pe\/web2.0\/wp-content\/uploads\/2025\/01\/Banner_Taller-300x68.jpeg 300w, https:\/\/www.tair.pe\/web2.0\/wp-content\/uploads\/2025\/01\/Banner_Taller-1024x231.jpeg 1024w, https:\/\/www.tair.pe\/web2.0\/wp-content\/uploads\/2025\/01\/Banner_Taller-768x174.jpeg 768w, https:\/\/www.tair.pe\/web2.0\/wp-content\/uploads\/2025\/01\/Banner_Taller-1536x347.jpeg 1536w, https:\/\/www.tair.pe\/web2.0\/wp-content\/uploads\/2025\/01\/Banner_Taller-500x113.jpeg 500w\" sizes=\"(max-width: 1920px) 100vw, 1920px\" \/>\t\t\t\t\t\t\t\t\t\t\t\t\t\t\t<\/div>\n\t\t\t\t<\/div>\n\t\t\t\t<\/div>\n\t\t<div class=\"elementor-element elementor-element-2a5b189 e-flex e-con-boxed e-con e-parent\" data-id=\"2a5b189\" data-element_type=\"container\" data-e-type=\"container\">\n\t\t\t\t\t<div class=\"e-con-inner\">\n\t\t\t\t<div class=\"elementor-element elementor-element-7e4edf7 elementor-widget elementor-widget-heading\" data-id=\"7e4edf7\" data-element_type=\"widget\" data-e-type=\"widget\" data-widget_type=\"heading.default\">\n\t\t\t\t<div class=\"elementor-widget-container\">\n\t\t\t\t\t<h2 class=\"elementor-heading-title elementor-size-default\">Red de talleres y servicio in situ a nivel nacional<\/h2>\t\t\t\t<\/div>\n\t\t\t\t<\/div>\n\t\t\t\t\t<\/div>\n\t\t\t\t<\/div>\n\t\t<div class=\"elementor-element elementor-element-098e729 e-flex e-con-boxed e-con e-parent\" data-id=\"098e729\" data-element_type=\"container\" data-e-type=\"container\">\n\t\t\t\t\t<div class=\"e-con-inner\">\n\t\t<div class=\"elementor-element elementor-element-19fb7b6 e-con-full e-flex e-con e-child\" data-id=\"19fb7b6\" data-element_type=\"container\" data-e-type=\"container\">\n\t\t\t\t<div class=\"elementor-element elementor-element-53ede17 elementor-widget elementor-widget-text-editor\" data-id=\"53ede17\" data-element_type=\"widget\" data-e-type=\"widget\" data-widget_type=\"text-editor.default\">\n\t\t\t\t<div class=\"elementor-widget-container\">\n\t\t\t\t\t\t\t\t\t<p><strong>Tair Renting<\/strong>\u00a0comparte su experiencia con las principales industrias y sectores del pa\u00eds, contamos con un gran soporte de instalaci\u00f3n de\u00a0<strong>talleres In situ<\/strong>\u00a0en establecimientos de clientes, atendiendo cada necesidad.<\/p><p>La implementaci\u00f3n de talleres in situ debe contar con una flota determinada de veh\u00edculos.<\/p><p>Contamos con m\u00e1s de\u00a0<strong>78 talleres a nivel nacional<\/strong>\u00a0entre propios y de terceros homologados, en las 3 regiones del\u00a0<strong>Per\u00fa <\/strong>dando<strong> soporte operativo <\/strong>a las unidades de nuestros clientes.<\/p><p>Nuestra oficina y taller principal se encuentran ubicados en la\u00a0<a href=\"https:\/\/www.tair.pe\/index.php\/contactenos\"><strong>Av. Francisco Bolognesi 495 Urb. Los Ficus en Santa Anita en Lima y en Variante Uchumayo Km. 1.5 en Arequipa<\/strong><\/a>, siendo homologados por las principales casas automotrices, equipado y atendido por profesionales calificados.<\/p><p>Si su empresa se encuentra en Lima o provincia cons\u00faltenos y le asesoraremos en el servicio ideal para la\u00a0<strong>implementaci\u00f3n de talleres In situ<\/strong>\u00a0<strong>y\u00a0<a href=\"https:\/\/www.tair.pe\/index.php\/servicios\/mantenimiento-de-flota\">gesti\u00f3n de flota de veh\u00edculos\u00a0<\/a><\/strong>para su proyecto.<\/p><p>Para m\u00e1s informaci\u00f3n de nuestro servicio de\u00a0<strong>Leasing de autos y camionetas<\/strong>\u00a0ll\u00e1menos al Telf.\u00a0<a href=\"tel:+5112302828\">+511 230 2828<\/a>\u00a0opci\u00f3n 01 o Cel.\u00a0<a href=\"tel:+51914655733\">+51 914 655 733<\/a>\u00a0\/ Cel.\u00a0<a href=\"tel:+51947247822\">+51 947 247 822<\/a>\u00a0o escr\u00edbamos a\u00a0\u00a0<a href=\"mailto:renting@tair.pe\">renting@tair.pe<\/a>\u00a0<\/p>\t\t\t\t\t\t\t\t<\/div>\n\t\t\t\t<\/div>\n\t\t\t\t<\/div>\n\t\t<div class=\"elementor-element elementor-element-7a6fd4d e-con-full e-flex e-con e-child\" data-id=\"7a6fd4d\" data-element_type=\"container\" data-e-type=\"container\">\n\t\t\t\t<div class=\"elementor-element elementor-element-ce18e84 elementor-widget elementor-widget-image\" data-id=\"ce18e84\" data-element_type=\"widget\" data-e-type=\"widget\" data-widget_type=\"image.default\">\n\t\t\t\t<div class=\"elementor-widget-container\">\n\t\t\t\t\t\t\t\t\t\t\t\t\t\t\t<img decoding=\"async\" width=\"800\" height=\"534\" src=\"https:\/\/www.tair.pe\/web2.0\/wp-content\/uploads\/2025\/01\/Taller_in_Situ.jpeg\" class=\"attachment-full size-full wp-image-3332\" alt=\"\" srcset=\"https:\/\/www.tair.pe\/web2.0\/wp-content\/uploads\/2025\/01\/Taller_in_Situ.jpeg 800w, https:\/\/www.tair.pe\/web2.0\/wp-content\/uploads\/2025\/01\/Taller_in_Situ-300x200.jpeg 300w, https:\/\/www.tair.pe\/web2.0\/wp-content\/uploads\/2025\/01\/Taller_in_Situ-768x513.jpeg 768w, https:\/\/www.tair.pe\/web2.0\/wp-content\/uploads\/2025\/01\/Taller_in_Situ-500x334.jpeg 500w\" sizes=\"(max-width: 800px) 100vw, 800px\" \/>\t\t\t\t\t\t\t\t\t\t\t\t\t\t\t<\/div>\n\t\t\t\t<\/div>\n\t\t\t\t<\/div>\n\t\t\t\t\t<\/div>\n\t\t\t\t<\/div>\n\t\t\t\t<\/div>\n\t\t","protected":false},"excerpt":{"rendered":"<p>Red de talleres y servicio in situ a nivel nacional Tair Renting\u00a0comparte su experiencia con las principales industrias y sectores del pa\u00eds, contamos con un gran soporte de instalaci\u00f3n de\u00a0talleres In situ\u00a0en establecimientos de clientes, atendiendo cada necesidad. La implementaci\u00f3n de talleres in situ debe contar con una flota determinada de veh\u00edculos. Contamos con m\u00e1s [&hellip;]<\/p>\n","protected":false},"author":1,"featured_media":0,"parent":0,"menu_order":0,"comment_status":"closed","ping_status":"closed","template":"","meta":{"nf_dc_page":"","footnotes":""},"class_list":["post-3254","page","type-page","status-publish","hentry"],"yoast_head":"<!-- This site is optimized with the Yoast SEO plugin v27.4 - https:\/\/yoast.com\/product\/yoast-seo-wordpress\/ -->\n<title>Talleres in situ - Tair Renting<\/title>\n<meta name=\"robots\" content=\"index, follow, max-snippet:-1, max-image-preview:large, max-video-preview:-1\" \/>\n<link rel=\"canonical\" href=\"https:\/\/www.tair.pe\/web2.0\/talleres-in-situ\/\" \/>\n<meta property=\"og:locale\" content=\"es_ES\" \/>\n<meta property=\"og:type\" content=\"article\" \/>\n<meta property=\"og:title\" content=\"Talleres in situ - Tair Renting\" \/>\n<meta property=\"og:description\" content=\"Red de talleres y servicio in situ a nivel nacional Tair Renting\u00a0comparte su experiencia con las principales industrias y sectores del pa\u00eds, contamos con un gran soporte de instalaci\u00f3n de\u00a0talleres In situ\u00a0en establecimientos de clientes, atendiendo cada necesidad. La implementaci\u00f3n de talleres in situ debe contar con una flota determinada de veh\u00edculos. Contamos con m\u00e1s [&hellip;]\" \/>\n<meta property=\"og:url\" content=\"https:\/\/www.tair.pe\/web2.0\/talleres-in-situ\/\" \/>\n<meta property=\"og:site_name\" content=\"Tair Renting\" \/>\n<meta property=\"article:publisher\" content=\"https:\/\/www.facebook.com\/people\/Tair-Renting\/100064156449554\/\" \/>\n<meta property=\"article:modified_time\" content=\"2026-03-27T00:35:13+00:00\" \/>\n<meta property=\"og:image\" content=\"https:\/\/www.tair.pe\/web2.0\/wp-content\/uploads\/2025\/01\/Banner_Taller.jpeg\" \/>\n\t<meta property=\"og:image:width\" content=\"1920\" \/>\n\t<meta property=\"og:image:height\" content=\"434\" \/>\n\t<meta property=\"og:image:type\" content=\"image\/jpeg\" \/>\n<meta name=\"twitter:card\" content=\"summary_large_image\" \/>\n<meta name=\"twitter:label1\" content=\"Tiempo de lectura\" \/>\n\t<meta name=\"twitter:data1\" content=\"2 minutos\" \/>\n<script type=\"application\/ld+json\" class=\"yoast-schema-graph\">{\"@context\":\"https:\\\/\\\/schema.org\",\"@graph\":[{\"@type\":\"WebPage\",\"@id\":\"https:\\\/\\\/www.tair.pe\\\/web2.0\\\/talleres-in-situ\\\/\",\"url\":\"https:\\\/\\\/www.tair.pe\\\/web2.0\\\/talleres-in-situ\\\/\",\"name\":\"Talleres in situ - Tair Renting\",\"isPartOf\":{\"@id\":\"https:\\\/\\\/www.tair.pe\\\/web2.0\\\/#website\"},\"primaryImageOfPage\":{\"@id\":\"https:\\\/\\\/www.tair.pe\\\/web2.0\\\/talleres-in-situ\\\/#primaryimage\"},\"image\":{\"@id\":\"https:\\\/\\\/www.tair.pe\\\/web2.0\\\/talleres-in-situ\\\/#primaryimage\"},\"thumbnailUrl\":\"https:\\\/\\\/www.tair.pe\\\/web2.0\\\/wp-content\\\/uploads\\\/2025\\\/01\\\/Banner_Taller.jpeg\",\"datePublished\":\"2025-01-18T04:23:12+00:00\",\"dateModified\":\"2026-03-27T00:35:13+00:00\",\"breadcrumb\":{\"@id\":\"https:\\\/\\\/www.tair.pe\\\/web2.0\\\/talleres-in-situ\\\/#breadcrumb\"},\"inLanguage\":\"es\",\"potentialAction\":[{\"@type\":\"ReadAction\",\"target\":[\"https:\\\/\\\/www.tair.pe\\\/web2.0\\\/talleres-in-situ\\\/\"]}]},{\"@type\":\"ImageObject\",\"inLanguage\":\"es\",\"@id\":\"https:\\\/\\\/www.tair.pe\\\/web2.0\\\/talleres-in-situ\\\/#primaryimage\",\"url\":\"https:\\\/\\\/www.tair.pe\\\/web2.0\\\/wp-content\\\/uploads\\\/2025\\\/01\\\/Banner_Taller.jpeg\",\"contentUrl\":\"https:\\\/\\\/www.tair.pe\\\/web2.0\\\/wp-content\\\/uploads\\\/2025\\\/01\\\/Banner_Taller.jpeg\",\"width\":1920,\"height\":434},{\"@type\":\"BreadcrumbList\",\"@id\":\"https:\\\/\\\/www.tair.pe\\\/web2.0\\\/talleres-in-situ\\\/#breadcrumb\",\"itemListElement\":[{\"@type\":\"ListItem\",\"position\":1,\"name\":\"Home\",\"item\":\"https:\\\/\\\/www.tair.pe\\\/web2.0\\\/\"},{\"@type\":\"ListItem\",\"position\":2,\"name\":\"Talleres in situ\"}]},{\"@type\":\"WebSite\",\"@id\":\"https:\\\/\\\/www.tair.pe\\\/web2.0\\\/#website\",\"url\":\"https:\\\/\\\/www.tair.pe\\\/web2.0\\\/\",\"name\":\"Tair Renting\",\"description\":\"Renting y Leasing Operativo de veh\u00edculos en Per\u00fa, administraci\u00f3n y gesti\u00f3n de flotas a mediano y largo plazo. Telf.(511)230-2828 renting@tair.pe\",\"publisher\":{\"@id\":\"https:\\\/\\\/www.tair.pe\\\/web2.0\\\/#organization\"},\"potentialAction\":[{\"@type\":\"SearchAction\",\"target\":{\"@type\":\"EntryPoint\",\"urlTemplate\":\"https:\\\/\\\/www.tair.pe\\\/web2.0\\\/?s={search_term_string}\"},\"query-input\":{\"@type\":\"PropertyValueSpecification\",\"valueRequired\":true,\"valueName\":\"search_term_string\"}}],\"inLanguage\":\"es\"},{\"@type\":\"Organization\",\"@id\":\"https:\\\/\\\/www.tair.pe\\\/web2.0\\\/#organization\",\"name\":\"Tair Renting\",\"url\":\"https:\\\/\\\/www.tair.pe\\\/web2.0\\\/\",\"logo\":{\"@type\":\"ImageObject\",\"inLanguage\":\"es\",\"@id\":\"https:\\\/\\\/www.tair.pe\\\/web2.0\\\/#\\\/schema\\\/logo\\\/image\\\/\",\"url\":\"https:\\\/\\\/www.tair.pe\\\/web2.0\\\/wp-content\\\/uploads\\\/2025\\\/01\\\/LOGO.png\",\"contentUrl\":\"https:\\\/\\\/www.tair.pe\\\/web2.0\\\/wp-content\\\/uploads\\\/2025\\\/01\\\/LOGO.png\",\"width\":400,\"height\":257,\"caption\":\"Tair Renting\"},\"image\":{\"@id\":\"https:\\\/\\\/www.tair.pe\\\/web2.0\\\/#\\\/schema\\\/logo\\\/image\\\/\"},\"sameAs\":[\"https:\\\/\\\/www.facebook.com\\\/people\\\/Tair-Renting\\\/100064156449554\\\/\",\"https:\\\/\\\/pe.linkedin.com\\\/company\\\/tair-renting\",\"https:\\\/\\\/www.instagram.com\\\/tair.renting\\\/\"]}]}<\/script>\n<!-- \/ Yoast SEO plugin. -->","yoast_head_json":{"title":"Talleres in situ - Tair Renting","robots":{"index":"index","follow":"follow","max-snippet":"max-snippet:-1","max-image-preview":"max-image-preview:large","max-video-preview":"max-video-preview:-1"},"canonical":"https:\/\/www.tair.pe\/web2.0\/talleres-in-situ\/","og_locale":"es_ES","og_type":"article","og_title":"Talleres in situ - Tair Renting","og_description":"Red de talleres y servicio in situ a nivel nacional Tair Renting\u00a0comparte su experiencia con las principales industrias y sectores del pa\u00eds, contamos con un gran soporte de instalaci\u00f3n de\u00a0talleres In situ\u00a0en establecimientos de clientes, atendiendo cada necesidad. La implementaci\u00f3n de talleres in situ debe contar con una flota determinada de veh\u00edculos. Contamos con m\u00e1s [&hellip;]","og_url":"https:\/\/www.tair.pe\/web2.0\/talleres-in-situ\/","og_site_name":"Tair Renting","article_publisher":"https:\/\/www.facebook.com\/people\/Tair-Renting\/100064156449554\/","article_modified_time":"2026-03-27T00:35:13+00:00","og_image":[{"width":1920,"height":434,"url":"https:\/\/www.tair.pe\/web2.0\/wp-content\/uploads\/2025\/01\/Banner_Taller.jpeg","type":"image\/jpeg"}],"twitter_card":"summary_large_image","twitter_misc":{"Tiempo de lectura":"2 minutos"},"schema":{"@context":"https:\/\/schema.org","@graph":[{"@type":"WebPage","@id":"https:\/\/www.tair.pe\/web2.0\/talleres-in-situ\/","url":"https:\/\/www.tair.pe\/web2.0\/talleres-in-situ\/","name":"Talleres in situ - Tair Renting","isPartOf":{"@id":"https:\/\/www.tair.pe\/web2.0\/#website"},"primaryImageOfPage":{"@id":"https:\/\/www.tair.pe\/web2.0\/talleres-in-situ\/#primaryimage"},"image":{"@id":"https:\/\/www.tair.pe\/web2.0\/talleres-in-situ\/#primaryimage"},"thumbnailUrl":"https:\/\/www.tair.pe\/web2.0\/wp-content\/uploads\/2025\/01\/Banner_Taller.jpeg","datePublished":"2025-01-18T04:23:12+00:00","dateModified":"2026-03-27T00:35:13+00:00","breadcrumb":{"@id":"https:\/\/www.tair.pe\/web2.0\/talleres-in-situ\/#breadcrumb"},"inLanguage":"es","potentialAction":[{"@type":"ReadAction","target":["https:\/\/www.tair.pe\/web2.0\/talleres-in-situ\/"]}]},{"@type":"ImageObject","inLanguage":"es","@id":"https:\/\/www.tair.pe\/web2.0\/talleres-in-situ\/#primaryimage","url":"https:\/\/www.tair.pe\/web2.0\/wp-content\/uploads\/2025\/01\/Banner_Taller.jpeg","contentUrl":"https:\/\/www.tair.pe\/web2.0\/wp-content\/uploads\/2025\/01\/Banner_Taller.jpeg","width":1920,"height":434},{"@type":"BreadcrumbList","@id":"https:\/\/www.tair.pe\/web2.0\/talleres-in-situ\/#breadcrumb","itemListElement":[{"@type":"ListItem","position":1,"name":"Home","item":"https:\/\/www.tair.pe\/web2.0\/"},{"@type":"ListItem","position":2,"name":"Talleres in situ"}]},{"@type":"WebSite","@id":"https:\/\/www.tair.pe\/web2.0\/#website","url":"https:\/\/www.tair.pe\/web2.0\/","name":"Tair Renting","description":"Renting y Leasing Operativo de veh\u00edculos en Per\u00fa, administraci\u00f3n y gesti\u00f3n de flotas a mediano y largo plazo. Telf.(511)230-2828 renting@tair.pe","publisher":{"@id":"https:\/\/www.tair.pe\/web2.0\/#organization"},"potentialAction":[{"@type":"SearchAction","target":{"@type":"EntryPoint","urlTemplate":"https:\/\/www.tair.pe\/web2.0\/?s={search_term_string}"},"query-input":{"@type":"PropertyValueSpecification","valueRequired":true,"valueName":"search_term_string"}}],"inLanguage":"es"},{"@type":"Organization","@id":"https:\/\/www.tair.pe\/web2.0\/#organization","name":"Tair Renting","url":"https:\/\/www.tair.pe\/web2.0\/","logo":{"@type":"ImageObject","inLanguage":"es","@id":"https:\/\/www.tair.pe\/web2.0\/#\/schema\/logo\/image\/","url":"https:\/\/www.tair.pe\/web2.0\/wp-content\/uploads\/2025\/01\/LOGO.png","contentUrl":"https:\/\/www.tair.pe\/web2.0\/wp-content\/uploads\/2025\/01\/LOGO.png","width":400,"height":257,"caption":"Tair Renting"},"image":{"@id":"https:\/\/www.tair.pe\/web2.0\/#\/schema\/logo\/image\/"},"sameAs":["https:\/\/www.facebook.com\/people\/Tair-Renting\/100064156449554\/","https:\/\/pe.linkedin.com\/company\/tair-renting","https:\/\/www.instagram.com\/tair.renting\/"]}]}},"_links":{"self":[{"href":"https:\/\/www.tair.pe\/web2.0\/wp-json\/wp\/v2\/pages\/3254","targetHints":{"allow":["GET"]}}],"collection":[{"href":"https:\/\/www.tair.pe\/web2.0\/wp-json\/wp\/v2\/pages"}],"about":[{"href":"https:\/\/www.tair.pe\/web2.0\/wp-json\/wp\/v2\/types\/page"}],"author":[{"embeddable":true,"href":"https:\/\/www.tair.pe\/web2.0\/wp-json\/wp\/v2\/users\/1"}],"replies":[{"embeddable":true,"href":"https:\/\/www.tair.pe\/web2.0\/wp-json\/wp\/v2\/comments?post=3254"}],"version-history":[{"count":5,"href":"https:\/\/www.tair.pe\/web2.0\/wp-json\/wp\/v2\/pages\/3254\/revisions"}],"predecessor-version":[{"id":7029,"href":"https:\/\/www.tair.pe\/web2.0\/wp-json\/wp\/v2\/pages\/3254\/revisions\/7029"}],"wp:attachment":[{"href":"https:\/\/www.tair.pe\/web2.0\/wp-json\/wp\/v2\/media?parent=3254"}],"curies":[{"name":"wp","href":"https:\/\/api.w.org\/{rel}","templated":true}]}}