{"id":3073,"date":"2025-01-16T02:04:07","date_gmt":"2025-01-16T02:04:07","guid":{"rendered":"https:\/\/www.tair.pe\/web2.0\/producto\/kia-carnival-3-3-ex-de-luxe\/"},"modified":"2025-04-23T04:22:33","modified_gmt":"2025-04-23T04:22:33","slug":"kia-carnival-3-3-ex-de-luxe","status":"publish","type":"product","link":"https:\/\/www.tair.pe\/web2.0\/producto\/kia-carnival-3-3-ex-de-luxe\/","title":{"rendered":"Kia Carnival &#8211; 3.3 EX de Luxe"},"content":{"rendered":"<p>El <strong>Kia Carnival 3.3 EX de Luxe<\/strong> es una minivan de lujo dise\u00f1ada para brindar un equilibrio \u00f3ptimo entre espacio, confort y rendimiento. Su motor <strong>V6 de 3.3 litros<\/strong> entrega una potencia de <strong>270 HP a 6,400 rpm<\/strong> y un torque de <strong>318 Nm a 5,200 rpm<\/strong>, acompa\u00f1ado de una <strong>transmisi\u00f3n autom\u00e1tica de 6 velocidades<\/strong> y tracci\u00f3n delantera, lo que garantiza una conducci\u00f3n suave y eficiente.<\/p>\n<p>Con una <strong>longitud de 5,115 mm, un ancho de 1,983 mm y una altura de 1,740 mm<\/strong>, el Carnival ofrece un habit\u00e1culo amplio y vers\u00e1til, ideal para familias numerosas o para quienes buscan la m\u00e1xima comodidad en viajes largos. Su distancia entre ejes de <strong>3,060 mm<\/strong> contribuye a una cabina espaciosa con asientos ergon\u00f3micos y una distribuci\u00f3n \u00f3ptima.<\/p>\n<p>La versi\u00f3n <strong>EX de Luxe<\/strong> incluye un equipamiento premium que puede variar seg\u00fan el mercado, pero generalmente incorpora:<\/p>\n<ul>\n<li><strong>Asientos de cuero<\/strong> con ajuste el\u00e9ctrico y calefacci\u00f3n.<\/li>\n<li><strong>Sistema de infoentretenimiento avanzado<\/strong> con pantalla t\u00e1ctil y conectividad Apple CarPlay y Android Auto.<\/li>\n<li><strong>Climatizaci\u00f3n autom\u00e1tica trizona<\/strong>, ideal para brindar confort a todos los ocupantes.<\/li>\n<li><strong>Sistemas de seguridad avanzados<\/strong>, como asistente de mantenimiento de carril, control de crucero adaptativo y sensores de estacionamiento.<\/li>\n<\/ul>\n","protected":false},"excerpt":{"rendered":"<p>El Kia Carnival 3.3 EX de Luxe es una minivan de lujo dise\u00f1ada para brindar un equilibrio \u00f3ptimo entre espacio, confort y rendimiento. Su motor V6 de 3.3 litros entrega una potencia de 270 HP a 6,400 rpm y un torque de 318 Nm a 5,200 rpm, acompa\u00f1ado de una transmisi\u00f3n autom\u00e1tica de 6 velocidades [&hellip;]<\/p>\n","protected":false},"featured_media":3856,"template":"","meta":{"nf_dc_page":""},"product_brand":[613],"product_cat":[387],"product_tag":[],"class_list":{"0":"post-3073","1":"product","2":"type-product","3":"status-publish","4":"has-post-thumbnail","6":"product_brand-kia","7":"product_cat-suv","9":"first","10":"instock","11":"shipping-taxable","12":"product-type-simple"},"yoast_head":"<!-- This site is optimized with the Yoast SEO plugin v27.4 - https:\/\/yoast.com\/product\/yoast-seo-wordpress\/ -->\n<title>Kia Carnival - 3.3 EX de Luxe - Tair Renting<\/title>\n<meta name=\"robots\" content=\"index, follow, max-snippet:-1, max-image-preview:large, max-video-preview:-1\" \/>\n<link rel=\"canonical\" href=\"https:\/\/www.tair.pe\/web2.0\/producto\/kia-carnival-3-3-ex-de-luxe\/\" \/>\n<meta property=\"og:locale\" content=\"es_ES\" \/>\n<meta property=\"og:type\" content=\"article\" \/>\n<meta property=\"og:title\" content=\"Kia Carnival - 3.3 EX de Luxe - Tair Renting\" \/>\n<meta property=\"og:description\" content=\"El Kia Carnival 3.3 EX de Luxe es una minivan de lujo dise\u00f1ada para brindar un equilibrio \u00f3ptimo entre espacio, confort y rendimiento. Su motor V6 de 3.3 litros entrega una potencia de 270 HP a 6,400 rpm y un torque de 318 Nm a 5,200 rpm, acompa\u00f1ado de una transmisi\u00f3n autom\u00e1tica de 6 velocidades [&hellip;]\" \/>\n<meta property=\"og:url\" content=\"https:\/\/www.tair.pe\/web2.0\/producto\/kia-carnival-3-3-ex-de-luxe\/\" \/>\n<meta property=\"og:site_name\" content=\"Tair Renting\" \/>\n<meta property=\"article:publisher\" content=\"https:\/\/www.facebook.com\/people\/Tair-Renting\/100064156449554\/\" \/>\n<meta property=\"article:modified_time\" content=\"2025-04-23T04:22:33+00:00\" \/>\n<meta property=\"og:image\" content=\"https:\/\/www.tair.pe\/web2.0\/wp-content\/uploads\/2025\/01\/Kia-Carnival-\u2013-3.3-EX-de-Luxe.png\" \/>\n\t<meta property=\"og:image:width\" content=\"800\" \/>\n\t<meta property=\"og:image:height\" content=\"800\" \/>\n\t<meta property=\"og:image:type\" content=\"image\/png\" \/>\n<meta name=\"twitter:card\" content=\"summary_large_image\" \/>\n<meta name=\"twitter:label1\" content=\"Tiempo de lectura\" \/>\n\t<meta name=\"twitter:data1\" content=\"1 minuto\" \/>\n<script type=\"application\/ld+json\" class=\"yoast-schema-graph\">{\"@context\":\"https:\\\/\\\/schema.org\",\"@graph\":[{\"@type\":\"WebPage\",\"@id\":\"https:\\\/\\\/www.tair.pe\\\/web2.0\\\/producto\\\/kia-carnival-3-3-ex-de-luxe\\\/\",\"url\":\"https:\\\/\\\/www.tair.pe\\\/web2.0\\\/producto\\\/kia-carnival-3-3-ex-de-luxe\\\/\",\"name\":\"Kia Carnival - 3.3 EX de Luxe - Tair Renting\",\"isPartOf\":{\"@id\":\"https:\\\/\\\/www.tair.pe\\\/web2.0\\\/#website\"},\"primaryImageOfPage\":{\"@id\":\"https:\\\/\\\/www.tair.pe\\\/web2.0\\\/producto\\\/kia-carnival-3-3-ex-de-luxe\\\/#primaryimage\"},\"image\":{\"@id\":\"https:\\\/\\\/www.tair.pe\\\/web2.0\\\/producto\\\/kia-carnival-3-3-ex-de-luxe\\\/#primaryimage\"},\"thumbnailUrl\":\"https:\\\/\\\/www.tair.pe\\\/web2.0\\\/wp-content\\\/uploads\\\/2025\\\/01\\\/Kia-Carnival-\u2013-3.3-EX-de-Luxe.png\",\"datePublished\":\"2025-01-16T02:04:07+00:00\",\"dateModified\":\"2025-04-23T04:22:33+00:00\",\"breadcrumb\":{\"@id\":\"https:\\\/\\\/www.tair.pe\\\/web2.0\\\/producto\\\/kia-carnival-3-3-ex-de-luxe\\\/#breadcrumb\"},\"inLanguage\":\"es\",\"potentialAction\":[{\"@type\":\"ReadAction\",\"target\":[\"https:\\\/\\\/www.tair.pe\\\/web2.0\\\/producto\\\/kia-carnival-3-3-ex-de-luxe\\\/\"]}]},{\"@type\":\"ImageObject\",\"inLanguage\":\"es\",\"@id\":\"https:\\\/\\\/www.tair.pe\\\/web2.0\\\/producto\\\/kia-carnival-3-3-ex-de-luxe\\\/#primaryimage\",\"url\":\"https:\\\/\\\/www.tair.pe\\\/web2.0\\\/wp-content\\\/uploads\\\/2025\\\/01\\\/Kia-Carnival-\u2013-3.3-EX-de-Luxe.png\",\"contentUrl\":\"https:\\\/\\\/www.tair.pe\\\/web2.0\\\/wp-content\\\/uploads\\\/2025\\\/01\\\/Kia-Carnival-\u2013-3.3-EX-de-Luxe.png\",\"width\":800,\"height\":800},{\"@type\":\"BreadcrumbList\",\"@id\":\"https:\\\/\\\/www.tair.pe\\\/web2.0\\\/producto\\\/kia-carnival-3-3-ex-de-luxe\\\/#breadcrumb\",\"itemListElement\":[{\"@type\":\"ListItem\",\"position\":1,\"name\":\"Home\",\"item\":\"https:\\\/\\\/www.tair.pe\\\/web2.0\\\/\"},{\"@type\":\"ListItem\",\"position\":2,\"name\":\"Tienda\",\"item\":\"https:\\\/\\\/www.tair.pe\\\/web2.0\\\/tienda\\\/\"},{\"@type\":\"ListItem\",\"position\":3,\"name\":\"Kia Carnival &#8211; 3.3 EX de Luxe\"}]},{\"@type\":\"WebSite\",\"@id\":\"https:\\\/\\\/www.tair.pe\\\/web2.0\\\/#website\",\"url\":\"https:\\\/\\\/www.tair.pe\\\/web2.0\\\/\",\"name\":\"Tair Renting\",\"description\":\"Renting y Leasing Operativo de veh\u00edculos en Per\u00fa, administraci\u00f3n y gesti\u00f3n de flotas a mediano y largo plazo. Telf.(511)230-2828 renting@tair.pe\",\"publisher\":{\"@id\":\"https:\\\/\\\/www.tair.pe\\\/web2.0\\\/#organization\"},\"potentialAction\":[{\"@type\":\"SearchAction\",\"target\":{\"@type\":\"EntryPoint\",\"urlTemplate\":\"https:\\\/\\\/www.tair.pe\\\/web2.0\\\/?s={search_term_string}\"},\"query-input\":{\"@type\":\"PropertyValueSpecification\",\"valueRequired\":true,\"valueName\":\"search_term_string\"}}],\"inLanguage\":\"es\"},{\"@type\":\"Organization\",\"@id\":\"https:\\\/\\\/www.tair.pe\\\/web2.0\\\/#organization\",\"name\":\"Tair Renting\",\"url\":\"https:\\\/\\\/www.tair.pe\\\/web2.0\\\/\",\"logo\":{\"@type\":\"ImageObject\",\"inLanguage\":\"es\",\"@id\":\"https:\\\/\\\/www.tair.pe\\\/web2.0\\\/#\\\/schema\\\/logo\\\/image\\\/\",\"url\":\"https:\\\/\\\/www.tair.pe\\\/web2.0\\\/wp-content\\\/uploads\\\/2025\\\/01\\\/LOGO.png\",\"contentUrl\":\"https:\\\/\\\/www.tair.pe\\\/web2.0\\\/wp-content\\\/uploads\\\/2025\\\/01\\\/LOGO.png\",\"width\":400,\"height\":257,\"caption\":\"Tair Renting\"},\"image\":{\"@id\":\"https:\\\/\\\/www.tair.pe\\\/web2.0\\\/#\\\/schema\\\/logo\\\/image\\\/\"},\"sameAs\":[\"https:\\\/\\\/www.facebook.com\\\/people\\\/Tair-Renting\\\/100064156449554\\\/\",\"https:\\\/\\\/pe.linkedin.com\\\/company\\\/tair-renting\",\"https:\\\/\\\/www.instagram.com\\\/tair.renting\\\/\"]}]}<\/script>\n<!-- \/ Yoast SEO plugin. -->","yoast_head_json":{"title":"Kia Carnival - 3.3 EX de Luxe - Tair Renting","robots":{"index":"index","follow":"follow","max-snippet":"max-snippet:-1","max-image-preview":"max-image-preview:large","max-video-preview":"max-video-preview:-1"},"canonical":"https:\/\/www.tair.pe\/web2.0\/producto\/kia-carnival-3-3-ex-de-luxe\/","og_locale":"es_ES","og_type":"article","og_title":"Kia Carnival - 3.3 EX de Luxe - Tair Renting","og_description":"El Kia Carnival 3.3 EX de Luxe es una minivan de lujo dise\u00f1ada para brindar un equilibrio \u00f3ptimo entre espacio, confort y rendimiento. Su motor V6 de 3.3 litros entrega una potencia de 270 HP a 6,400 rpm y un torque de 318 Nm a 5,200 rpm, acompa\u00f1ado de una transmisi\u00f3n autom\u00e1tica de 6 velocidades [&hellip;]","og_url":"https:\/\/www.tair.pe\/web2.0\/producto\/kia-carnival-3-3-ex-de-luxe\/","og_site_name":"Tair Renting","article_publisher":"https:\/\/www.facebook.com\/people\/Tair-Renting\/100064156449554\/","article_modified_time":"2025-04-23T04:22:33+00:00","og_image":[{"width":800,"height":800,"url":"https:\/\/www.tair.pe\/web2.0\/wp-content\/uploads\/2025\/01\/Kia-Carnival-\u2013-3.3-EX-de-Luxe.png","type":"image\/png"}],"twitter_card":"summary_large_image","twitter_misc":{"Tiempo de lectura":"1 minuto"},"schema":{"@context":"https:\/\/schema.org","@graph":[{"@type":"WebPage","@id":"https:\/\/www.tair.pe\/web2.0\/producto\/kia-carnival-3-3-ex-de-luxe\/","url":"https:\/\/www.tair.pe\/web2.0\/producto\/kia-carnival-3-3-ex-de-luxe\/","name":"Kia Carnival - 3.3 EX de Luxe - Tair Renting","isPartOf":{"@id":"https:\/\/www.tair.pe\/web2.0\/#website"},"primaryImageOfPage":{"@id":"https:\/\/www.tair.pe\/web2.0\/producto\/kia-carnival-3-3-ex-de-luxe\/#primaryimage"},"image":{"@id":"https:\/\/www.tair.pe\/web2.0\/producto\/kia-carnival-3-3-ex-de-luxe\/#primaryimage"},"thumbnailUrl":"https:\/\/www.tair.pe\/web2.0\/wp-content\/uploads\/2025\/01\/Kia-Carnival-\u2013-3.3-EX-de-Luxe.png","datePublished":"2025-01-16T02:04:07+00:00","dateModified":"2025-04-23T04:22:33+00:00","breadcrumb":{"@id":"https:\/\/www.tair.pe\/web2.0\/producto\/kia-carnival-3-3-ex-de-luxe\/#breadcrumb"},"inLanguage":"es","potentialAction":[{"@type":"ReadAction","target":["https:\/\/www.tair.pe\/web2.0\/producto\/kia-carnival-3-3-ex-de-luxe\/"]}]},{"@type":"ImageObject","inLanguage":"es","@id":"https:\/\/www.tair.pe\/web2.0\/producto\/kia-carnival-3-3-ex-de-luxe\/#primaryimage","url":"https:\/\/www.tair.pe\/web2.0\/wp-content\/uploads\/2025\/01\/Kia-Carnival-\u2013-3.3-EX-de-Luxe.png","contentUrl":"https:\/\/www.tair.pe\/web2.0\/wp-content\/uploads\/2025\/01\/Kia-Carnival-\u2013-3.3-EX-de-Luxe.png","width":800,"height":800},{"@type":"BreadcrumbList","@id":"https:\/\/www.tair.pe\/web2.0\/producto\/kia-carnival-3-3-ex-de-luxe\/#breadcrumb","itemListElement":[{"@type":"ListItem","position":1,"name":"Home","item":"https:\/\/www.tair.pe\/web2.0\/"},{"@type":"ListItem","position":2,"name":"Tienda","item":"https:\/\/www.tair.pe\/web2.0\/tienda\/"},{"@type":"ListItem","position":3,"name":"Kia Carnival &#8211; 3.3 EX de Luxe"}]},{"@type":"WebSite","@id":"https:\/\/www.tair.pe\/web2.0\/#website","url":"https:\/\/www.tair.pe\/web2.0\/","name":"Tair Renting","description":"Renting y Leasing Operativo de veh\u00edculos en Per\u00fa, administraci\u00f3n y gesti\u00f3n de flotas a mediano y largo plazo. Telf.(511)230-2828 renting@tair.pe","publisher":{"@id":"https:\/\/www.tair.pe\/web2.0\/#organization"},"potentialAction":[{"@type":"SearchAction","target":{"@type":"EntryPoint","urlTemplate":"https:\/\/www.tair.pe\/web2.0\/?s={search_term_string}"},"query-input":{"@type":"PropertyValueSpecification","valueRequired":true,"valueName":"search_term_string"}}],"inLanguage":"es"},{"@type":"Organization","@id":"https:\/\/www.tair.pe\/web2.0\/#organization","name":"Tair Renting","url":"https:\/\/www.tair.pe\/web2.0\/","logo":{"@type":"ImageObject","inLanguage":"es","@id":"https:\/\/www.tair.pe\/web2.0\/#\/schema\/logo\/image\/","url":"https:\/\/www.tair.pe\/web2.0\/wp-content\/uploads\/2025\/01\/LOGO.png","contentUrl":"https:\/\/www.tair.pe\/web2.0\/wp-content\/uploads\/2025\/01\/LOGO.png","width":400,"height":257,"caption":"Tair Renting"},"image":{"@id":"https:\/\/www.tair.pe\/web2.0\/#\/schema\/logo\/image\/"},"sameAs":["https:\/\/www.facebook.com\/people\/Tair-Renting\/100064156449554\/","https:\/\/pe.linkedin.com\/company\/tair-renting","https:\/\/www.instagram.com\/tair.renting\/"]}]}},"_links":{"self":[{"href":"https:\/\/www.tair.pe\/web2.0\/wp-json\/wp\/v2\/product\/3073","targetHints":{"allow":["GET"]}}],"collection":[{"href":"https:\/\/www.tair.pe\/web2.0\/wp-json\/wp\/v2\/product"}],"about":[{"href":"https:\/\/www.tair.pe\/web2.0\/wp-json\/wp\/v2\/types\/product"}],"wp:featuredmedia":[{"embeddable":true,"href":"https:\/\/www.tair.pe\/web2.0\/wp-json\/wp\/v2\/media\/3856"}],"wp:attachment":[{"href":"https:\/\/www.tair.pe\/web2.0\/wp-json\/wp\/v2\/media?parent=3073"}],"wp:term":[{"taxonomy":"product_brand","embeddable":true,"href":"https:\/\/www.tair.pe\/web2.0\/wp-json\/wp\/v2\/product_brand?post=3073"},{"taxonomy":"product_cat","embeddable":true,"href":"https:\/\/www.tair.pe\/web2.0\/wp-json\/wp\/v2\/product_cat?post=3073"},{"taxonomy":"product_tag","embeddable":true,"href":"https:\/\/www.tair.pe\/web2.0\/wp-json\/wp\/v2\/product_tag?post=3073"}],"curies":[{"name":"wp","href":"https:\/\/api.w.org\/{rel}","templated":true}]}}